divisor of h and 72?
8
Let a be 15/(-10)*28/6. Let c = 3 - a. Calculate the greatest common factor of c and 50.
10
Let k be -3 + 7 + 2/(-2). Suppose k*q = 2 + 22. What is the highest common divisor of q and 88?
8
Let y = 40 - 12. Suppose p - y = -0*p. Let k = -68 + 138. Calculate the greatest common divisor of p and k.
14
Suppose 0 = p + 2*p. Suppose -5*n + 7 - 2 = p. Suppose 8 = -u + 19. Calculate the greatest common divisor of u and n.
1
Suppose 0 - 18 = -3*d. What is the highest common factor of 24 and d?
6
Let k be (-4 + 2 - 3) + 3. Let a be (-4)/8*(k + -20). Let w = 20 - a. Calculate the greatest common divisor of w and 3.
3
Suppose -5*z = -4*y - 0*z + 412, 482 = 5*y + 2*z. What is the greatest common divisor of 14 and y?
14
Let l be 3/4 - 21/(-4). Calculate the highest common factor of l and 4.
2
Let q be 11 + 2/(8/(-12)). What is the greatest common factor of 40 and q?
8
Suppose v = 2*n + 77, -74 = -v + 3*n - 4*n. What is the highest common factor of v and 25?
25
Suppose -6 = p - 2*v, 5*p - 2*v + 5*v = 22. Calculate the highest common divisor of p and 16.
2
Let q be 3*4/12*78. What is the greatest common divisor of 52 and q?
26
Suppose -o = -3*z - 16, -2*z - 84 = -2*o - 2*o. Calculate the greatest common factor of o and 22.
22
Suppose -p = -2*r + 12, 4*r + p - 24 = 5*p. Suppose -5 - r = -q. Let j be (-1*q)/(3/(-39)). Calculate the highest common factor of j and 13.
13
Let n(a) = 1922 + 9*a**2 - a + a**2 - 1923. Suppose -21 = t + 4*k, 7 = 4*t - t - 2*k. Let v be n(t). Calculate the greatest common factor of 110 and v.
10
Suppose -o - 12 = 5*r, o - r = -3*r - 3. Suppose o*a + 2*i = -6, -i - 12 = 3*i. Suppose 3*v - 25 - 14 = a. Calculate the greatest common divisor of v and 65.
13
Let k = -14 - -21. Let b(g) = 6*g - 2. Let z be b(k). Calculate the highest common divisor of z and 100.
20
Suppose -3*c - 26 = 4*g - 2, 18 = -3*c - 2*g. Let d be (4/5)/(c/(-70)). Calculate the greatest common factor of 2 and d.
2
Suppose -2*p + 1 = -9. Suppose 0*n + n + 5*j = 17, p = n - j. Calculate the greatest common divisor of 56 and n.
7
Let j(u) = -4*u + u - 3*u - 18. Let k(o) = -2*o - 6. Let x(p) = -5*j(p) + 16*k(p). Let t be x(-9). What is the highest common divisor of t and 132?
12
Let w = -34 + 42. What is the greatest common divisor of w and 20?
4
Let t be ((-36)/5)/((-4)/10). What is the highest common divisor of 126 and t?
18
Suppose 4*y + 14 = y + 2*t, 2*t - 8 = 0. Let v be 1/(y/36*-2). Suppose 2*p - 125 - 19 = 0. Calculate the highest common divisor of p and v.
9
Let z be -7 - (-21)/3 - (0 + -15). What is the highest common divisor of 5 and z?
5
Let h = -19 - -23. What is the greatest common factor of h and 2?
2
Let k = 49 - 47. Let s be 10/4 + (-1)/2. What is the greatest common factor of s and k?
2
Suppose 432 = 6*h + 6*h. Calculate the highest common factor of 18 and h.
18
Suppose -2*w - j + 12 = 0, -3*j + 6*j = 2*w - 12. Let k be 2/w - (-1757)/21. Calculate the greatest common factor of k and 12.
12
Suppose 4*p = -4, 3*p - 535 = -5*x + 282. Let b = 290 - x. Calculate the greatest common divisor of 14 and b.
14
Let q(g) = -15*g - 5. Let j be q(-4). Let f(k) = -k**3 + 6*k**2 + k - 5. Let n be f(6). Suppose -h + 6 = n. Calculate the highest common divisor of j and h.
5
Suppose -2*p - 3*p + 50 = 0. Let y be 135 + 3 + (1 - 1). Suppose y = 2*g - 82. Calculate the highest common factor of p and g.
10
Suppose a - 2 = -0*a - 4*q, -5*q = 0. Calculate the highest common factor of a and 36.
2
Suppose -4*j = -0 - 68. What is the greatest common factor of j and 187?
17
Let s be (-2388)/(-5) + 4/10. Let x(q) = 13*q - 5. Let j be x(6). Suppose g + s - j = 5*w, -4*w - 3*g = -324. Calculate the greatest common factor of w and 9.
9
Let s = 18 - 13. Suppose -l = -s*c + c + 110, -4*l - 132 = -5*c. What is the greatest common factor of 7 and c?
7
Let c(f) = 3*f + 9. Let l be c(7). Let o be (5 - 0)*36/l. What is the highest common divisor of o and 9?
3
Let p = 11 + -2. Let c = p + -4. Let s(q) = 3*q - 4. Let r be s(8). Calculate the greatest common divisor of c and r.
5
Let w(b) = -b**3 - 9*b**2 + 24*b + 32. Let g be w(-11). What is the highest common divisor of 20 and g?
10
Suppose -3 + 57 = 3*t. Let y be 2/4*(-8)/(-2). What is the greatest common divisor of t and y?
2
Suppose -2*p - 92 = -z + 2*p, -4*z + 3*p + 381 = 0. What is the highest common divisor of 12 and z?
12
Suppose x - 2*g = -5*g - 14, -4*g - 18 = 2*x. Let l be 6 + (3 - x) + -2. What is the highest common divisor of l and 30?
6
Let w(n) = 10*n. Let z be w(9). Suppose -4*y = -z - 38. Suppose -c - 72 = -2*x + y, 2*x + c - 96 = 0. What is the greatest common divisor of x and 10?
10
Suppose 3*f + f + 10 = v, -v + 5*f + 6 = 0. What is the greatest common divisor of v and 182?
26
Let j be (4/(-2) + 1)/(2/(-54)). Calculate the highest common factor of 9 and j.
9
Let s be (-3)/(-2)*(-12)/(-9). Suppose -3*m + 0*m = 0. Let n = m + s. What is the highest common factor of n and 10?
2
Suppose -24 = -3*k + 30. What is the greatest common divisor of k and 54?
18
Suppose -5*q = -2*n - 17, -1 + 3 = 3*n - 2*q. Suppose f = n*f - 195. Calculate the highest common factor of 13 and f.
13
Let g = -52 + 148. Calculate the greatest common divisor of 6 and g.
6
Let p(c) = 4*c**3 + 3*c**2 + c + 7. Let l be p(4). Calculate the greatest common factor of l and 35.
35
Let d be (-33)/(-12) + (-2)/(-8). Suppose -3*z - 5*j + 489 = z, d = -j. Calculate the highest common divisor of z and 14.
14
Suppose 2*f - 105 - 81 = 0. Calculate the highest common factor of 62 and f.
31
Let l = 46 - 9. What is the greatest common divisor of 333 and l?
37
Suppose -2*w - 4*b - 48 = -6*w, -2*b + 18 = w. Let a = -52 + 178. What is the highest common factor of w and a?
14
Let y(n) = n**2 - 7*n + 12. Let a be y(9). Let x be (3/(-9))/(2/(-30)). Calculate the greatest common divisor of x and a.
5
Suppose -6*j + 10*j = 8. Calculate the highest common factor of j and 18.
2
Let y be (-1*1)/(2/(-14)). Let s be ((-140)/7)/(2/(-24)). Suppose -5*q = -s + 65. Calculate the greatest common divisor of y and q.
7
Suppose -110 = -4*o + 34. Suppose 0 = -v - 2*v + o. Suppose -2*d = -181 + 61. Calculate the greatest common divisor of d and v.
12
Let j be 0 + 1 - (-7 + -22). Suppose 0*a + j = 3*r - 4*a, r = -4*a - 6. Calculate the greatest common divisor of r and 54.
6
Suppose -g = -2*x - x - 102, -318 = -3*g + 3*x. Let l be -2 + 17 + (-2 - 1). Calculate the greatest common divisor of l and g.
12
Suppose 0*d - d - 14 = 0. Let n = 18 + d. Calculate the highest common factor of n and 10.
2
Let r = 6 + -1. Let o be r/((-5)/(-4)) - -1. Calculate the greatest common divisor of 5 and o.
5
Suppose h - 135 = -3*d - 5, 270 = 2*h + d. Let g = -97 + h. Let i = -21 + g. Calculate the greatest common factor of 45 and i.
9
Suppose 3*c + 875 = 8*c. What is the highest common divisor of c and 35?
35
Let b(d) = 4*d**2 + 2*d - 2. Let g be b(2). Let m(t) = 28*t + 268. Let n be m(-7). Calculate the greatest common factor of g and n.
18
Let p = -200 + 398. Calculate the highest common divisor of 18 and p.
18
Let p = -28 + 63. Let a(b) = b + 26. Let l(o) = -o**2 + 19*o - 21. Let f be l(19). Let n be a(f). What is the highest common divisor of n and p?
5
Let t(u) = 2*u**2 - 2*u + 12. Let s be t(-5). What is the highest common factor of 8 and s?
8
Let y(b) = b**2 + 10*b - 101. Let a be y(9). Calculate the greatest common divisor of a and 35.
35
Suppose -4*b = 2*y - 140, -b - 1 = -0. Calculate the highest common factor of 18 and y.
18
Suppose 55 = 2*y - y. Suppose -2 = -m + 3. What is the highest common factor of m and y?
5
Suppose -3*w = f + 2*w - 28, 4*f - 44 = -3*w. Suppose 0 = -y - 0*b - 3*b + 20, 0 = -2*y + 4*b + 40. What is the greatest common divisor of y and f?
4
Suppose 20*r = 22*r - 16. Let p(f) = f**3 + 11*f**2 + 9*f - 9. Let t be p(-10). What is the highest common factor of t and r?
1
Suppose 2*t - 3 = g, -4*g + 2 = -t - 7. Suppose -1 = c, 24 = a + t*c - c. Suppose 6*k - 2*k + a = n, -2*k = -2. What is the greatest common factor of n and 6?
6
Let k be (7 + -3)*(-2)/(-8)*14. What is the greatest common factor of 42 and k?
14
Let o be 2/(16/(-20))*(-22)/1. Calculate the greatest common divisor of o and 5.
5
Let q(l) = -4*l - 2. Let s be q(-4). Suppose -v + 74 = -52. What is the highe